 4.
1
Calculate the remainder when 111005614 is divided by 43600.
14
What is the remainder when 1584742 is divided by 17?
2
What is the remainder when 18246653 is divided by 2700?
53
What is the remainder when 112733 is divided by 56361?
11
Calculate the remainder when 180158 is divided by 19573.
4001
What is the remainder when 91379 is divided by 90439?
940
Calculate the remainder when 588993 is divided by 45299.
106
Calculate the remainder when 105727 is divided by 35201.
124
Calculate the remainder when 63225331 is divided by 34.
19
What is the remainder when 1185834 is divided by 395254?
72
What is the remainder when 2981830 is divided by 596364?
10
What is the remainder when 2860917 is divided by 121?
114
What is the remainder when 10314415 is divided by 20?
15
Calculate the remainder when 1411738 is divided by 48680.
18
Calculate the remainder when 1674465 is divided by 1674465.
0
Calculate the remainder when 518907 is divided by 9608.
75
What is the remainder when 1434464 is divided by 478119?
107
Calculate the remainder when 858634 is divided by 42927.
94
What is the remainder when 3238202 is divided by 202?
142
Calculate the remainder when 12332773 is divided by 1183.
1181
What is the remainder when 131827 is divided by 753?
52
Calculate the remainder when 370996 is divided by 8.
4
What is the remainder when 1190604 is divided by 170081?
37
Calculate the remainder when 274983 is divided by 1258.
739
Calculate the remainder when 2715417 is divided by 1357695.
27
Calculate the remainder when 10131 is divided by 901.
220
Calculate the remainder when 63751569 is divided by 537.
3
Calculate the remainder when 119576 is divided by 17068.
100
What is the remainder when 70289 is divided by 1033?
45
Calculate the remainder when 13666080 is divided by 457.
409
What is the remainder when 41680763 is divided by 1667230?
13
What is the remainder when 316050 is divided by 63201?
45
Calculate the remainder when 551088 is divided by 301.
258
What is the remainder when 115332737 is divided by 14?
9
What is the remainder when 4739618 is divided by 993?
29
Calculate the remainder when 7739931 is divided by 3197.
3191
Calculate the remainder when 16015683 is divided by 6186.
129
What is the remainder when 136115978 is divided by 4732?
4730
What is the remainder when 355381 is divided by 1234?
1223
Calculate the remainder when 100151 is divided by 33328.
167
What is the remainder when 2044441 is divided by 42?
7
Calculate the remainder when 10525993 is divided by 380.
373
Calculate the remainder when 35429 is divided by 4799.
1836
Calculate the remainder when 13039559 is divided by 574.
1
What is the remainder when 4393991 is divided by 669?
668
Calculate the remainder when 1763795 is divided by 881882.
31
What is the remainder when 118819 is divided by 59323?
173
What is the remainder when 3815257 is divided by 65?
17
What is the remainder when 237002 is divided by 118462?
78
Calculate the remainder when 1033934 is divided by 353.
350
Calculate the remainder when 1427398 is divided by 14868.
70
What is the remainder when 8256 is divided by 940?
736
What is the remainder when 3548453 is divided by 30856?
13
Calculate the remainder when 95433394 is divided by 5.
4
Calculate the remainder when 54167822 is divided by 25.
22
Calculate the remainder when 5556113 is divided by 173620.
273
What is the remainder when 112062960 is divided by 5?
0
What is the remainder when 5984003 is divided by 145939?
504
What is the remainder when 284225 is divided by 284212?
13
What is the remainder when 5514329 is divided by 20?
9
What is the remainder when 368047 is divided by 36795?
97
Calculate the remainder when 59895 is divided by 11284.
3475
What is the remainder when 13479707 is divided by 55472?
11
Calculate the remainder when 1895291 is divided by 32122.
93
What is the remainder when 5586768 is divided by 199527?
12
Calculate the remainder when 239416 is divided by 201.
25
What is the remainder when 300337 is divided by 75060?
97
Calculate the remainder when 171833 is divided by 34366.
3
Calculate the remainder when 772036797 is divided by 3721.
3717
Calculate the remainder when 725883 is divided by 240667.
3882
What is the remainder when 77583 is divided by 583?
44
Calculate the remainder when 6351 is divided by 862.
317
Calculate the remainder when 82051 is divided by 81901.
150
What is the remainder when 4927942 is divided by 3?
1
What is the remainder when 5726440 is divided by 5726045?
395
Calculate the remainder when 16816024 is divided by 5605286.
166
Calculate the remainder when 2216562 is divided by 614.
22
Calculate the remainder when 679223 is divided by 1930.
1793
Calculate the remainder when 23392771 is divided by 163.
152
Calculate the remainder when 5208020 is divided by 260397.
80
Calculate the remainder when 13840098 is divided by 99.
96
Calculate the remainder when 276435 is divided by 2953.
1806
What is the remainder when 408499 is divided by 179?
21
Calculate the remainder when 14962 is divided by 4722.
796
Calculate the remainder when 3412651 is divided by 416.
203
What is the remainder when 10410470 is divided by 8?
6
What is the remainder when 152208 is divided by 11157?
7167
What is the remainder when 1535349 is divided by 2786?
263
Calculate the remainder when 127594 is divided by 609.
313
What is the remainder when 10739168 is divided by 1477?
1378
Calculate the remainder when 61642 is divided by 8797.
63
Calculate the remainder when 442320 is divided by 2663.
262
What is the remainder when 2474062 is divided by 996?
994
What is the remainder when 3912590 is divided by 3912586?
4
What is the remainder when 145909 is divided by 145727?
182
What is the remainder when 1220570 is divided by 48822?
20
Calculate the remainder when 99334798 is divided by 2538.
16
What is the remainder when 352415 is divided by 21998?
447
Calculate the remainder when 75969 is divided by 1180.
449
Calculate the remainder when 234902 is divided by 900.
2
What is the remainder when 1780134 is divided by 25?
9
What is the remainder when 2148572 is divided by 23?
4
Calculate the remainder when 28736055 is divided by 7184010.
15
What is the remainder when 7393625 is divided by 6?
5
What is the remainder when 25719 is divided by 6426?
15
What is the remainder when 23424656 is divided by 60?
56
What is the remainder when 82428 is divided by 16449?
183
What is the remainder when 3626005 is divided by 5?
0
Calculate the remainder when 23873 is divided by 23275.
598
What is the remainder when 98422 is divided by 269?
237
What is the remainder when 213041 is divided by 28?
17
What is the remainder when 85342 is divided by 25845?
7807
What is the remainder when 2268908 is divided by 16?
12
What is the remainder when 36319188 is divided by 184?
164
Calculate the remainder when 1840874 is divided by 2899.
9
What is the remainder when 424708638 is divided by 10?
8
Calculate the remainder when 26191 is divided by 4608.
3151
What is the remainder when 4194227 is divided by 4194120?
107
Calculate the remainder when 220003 is divided by 10856.
2883
What is the remainder when 859411 is divided by 631?
620
Calculate the remainder when 107926 is divided by 377.
104
What is the remainder when 32294078 is divided by 1023?
14
Calculate the remainder when 67971 is divided by 404.
99
What is the remainder when 3206696 is divided by 2013?
2000
Calculate the remainder when 13395233 is divided by 360.
353
Calculate the remainder when 40542 is divided by 11855.
4977
What is the remainder when 340494 is divided by 6423?
75
What is the remainder when 2218314 is divided by 102?
18
Calculate the remainder when 10133657 is divided by 153540.
17
Calculate the remainder when 8195813 is divided by 253.
131
Calculate the remainder when 64507 is divided by 955.
522
Calculate the remainder when 31476 is divided by 4494.
18
Calculate the remainder when 78049282 is divided by 636.
634
Calculate the remainder when 56205561 is divided by 2865.
2856
What is the remainder when 948893 is divided by 38?
33
What is the remainder when 15732455 is divided by 7866225?
5
Calculate the remainder when 308785 is divided by 596.
57
What is the remainder when 927410 is divided by 927410?
0
What is the remainder when 87709